08?
8
What is the tens digit of 33954981?
8
What is the units digit of 1065198?
8
What is the thousands digit of 1179615?
9
What is the units digit of 279250?
0
What is the millions digit of 1258236?
1
What is the units digit of 1155496?
6
What is the thousands digit of 146667?
6
What is the hundred thousands digit of 4905680?
9
What is the hundreds digit of 228923?
9
What is the tens digit of 25834937?
3
What is the tens digit of 1948348?
4
What is the tens digit of 32254?
5
What is the ten thousands digit of 15621?
1
What is the hundred thousands digit of 7532210?
5
What is the hundreds digit of 1322241?
2
What is the ten thousands digit of 602569?
0
What is the thousands digit of 1250512?
0
What is the hundreds digit of 12440624?
6
What is the ten thousands digit of 5897030?
9
What is the tens digit of 1772038?
3
What is the units digit of 825?
5
What is the hundreds digit of 615910?
9
What is the hundred thousands digit of 503454?
5
What is the tens digit of 736994?
9
What is the ten thousands digit of 2331667?
3
What is the hundred thousands digit of 17944779?
9
What is the thousands digit of 17718628?
8
What is the tens digit of 918255?
5
What is the millions digit of 5965613?
5
What is the hundred thousands digit of 3011244?
0
What is the ten thousands digit of 1028645?
2
What is the millions digit of 6951002?
6
What is the thousands digit of 44415?
4
What is the hundred thousands digit of 506169?
5
What is the ten millions digit of 25535623?
2
What is the tens digit of 30523574?
7
What is the units digit of 270754?
4
What is the hundred thousands digit of 12345773?
3
What is the thousands digit of 129406?
9
What is the hundreds digit of 8512149?
1
What is the hundreds digit of 1329606?
6
What is the units digit of 17249887?
7
What is the millions digit of 6574431?
6
What is the tens digit of 384801?
0
What is the ten thousands digit of 1108242?
0
What is the hundred thousands digit of 11023092?
0
What is the hundreds digit of 993117?
1
What is the hundreds digit of 512481?
4
What is the hundred thousands digit of 418576?
4
What is the hundred thousands digit of 5200653?
2
What is the hundred thousands digit of 773461?
7
What is the tens digit of 870591?
9
What is the hundred thousands digit of 15909566?
9
What is the hundred thousands digit of 2098960?
0
What is the hundreds digit of 159387?
3
What is the hundreds digit of 22805230?
2
What is the tens digit of 154186?
8
What is the ten thousands digit of 122066?
2
What is the units digit of 816639?
9
What is the ten thousands digit of 1799299?
9
What is the hundred thousands digit of 528256?
5
What is the tens digit of 98332?
3
What is the thousands digit of 196879?
6
What is the units digit of 525521?
1
What is the hundred thousands digit of 256173?
2
What is the thousands digit of 1086158?
6
What is the hundreds digit of 4460693?
6
What is the hundreds digit of 211909?
9
What is the units digit of 6475323?
3
What is the ten thousands digit of 61499?
6
What is the ten thousands digit of 203966?
0
What is the millions digit of 2689923?
2
What is the ten thousands digit of 558306?
5
What is the tens digit of 1600927?
2
What is the hundreds digit of 4940455?
4
What is the tens digit of 312403?
0
What is the ten thousands digit of 25639414?
3
What is the tens digit of 7383929?
2
What is the units digit of 1112412?
2
What is the hundreds digit of 377542?
5
What is the tens digit of 1538310?
1
What is the hundred thousands digit of 1966571?
9
What is the millions digit of 1162164?
1
What is the ten thousands digit of 13527781?
2
What is the thousands digit of 1730080?
0
What is the ten thousands digit of 19115586?
1
What is the hundreds digit of 3191117?
1
What is the hundred thousands digit of 168454?
1
What is the ten thousands digit of 3084427?
8
What is the hundred thousands digit of 2546532?
5
What is the tens digit of 13654974?
7
What is the hundred thousands digit of 186908?
1
What is the hundreds digit of 388590?
5
What is the hundreds digit of 2128837?
8
What is the ten thousands digit of 5024242?
2
What is the tens digit of 584183?
8
What is the hundreds digit of 560162?
1
What is the tens digit of 478621?
2
What is the units digit of 3292020?
0
What is the hundreds digit of 18350952?
9
What is the hundred thousands digit of 105667?
1
What is the tens digit of 775089?
8
What is the units digit of 130296?
6
What is the units digit of 723723?
3
What is the tens digit of 696613?
1
What is the hundred thousands digit of 2449939?
4
What is the hundreds digit of 14142128?
1
What is the thousands digit of 5228840?
8
What is the thousands digit of 587396?
7
What is the hundred thousands digit of 327428?
3
What is the thousands digit of 1076849?
6
What is the tens digit of 225629?
2
What is the hundreds digit of 879665?
6
What is the ten thousands digit of 183076?
8
What is the hundreds digit of 8686077?
0
What is the thousands digit of 4182380?
2
What is the units digit of 1295540?
0
What is the units digit of 210380?
0
What is the units digit of 924841?
1
What is the hundreds digit of 298727?
7
What is the hundreds digit of 16831470?
4
What is the units digit of 1300472?
2
What is the tens digit of 6299042?
4
What is the ten thousands digit of 9689719?
8
What is the tens digit of 36171632?
3
What is the units digit of 4371996?
6
What is the hundred thousands digit of 335098?
3
What is the hundreds digit of 107472?
4
What is the hundreds digit of 10780340?
3
What is the thousands digit of 441069?
1
What is the units digit of 1878562?
2
What is the tens digit of 16150510?
1
What is the hundreds digit of 189126?
1
What is the tens digit of 426185?
8
What is the ten thousands digit of 265608?
6
What is the thousands digit of 708755?
8
What is the ten thousands digit of 17153511?
5
What is the thousands digit of 23660288?
0
What is the hundreds digit of 9640203?
2
What is the hundreds digit of 1108474?
4
What is the thousands digit of 5449704?
9
What is the ten thousands digit of 1091175?
9
What is the hundred thousands digit of 2002985?
0
What is the ten millions digit of 33863080?
3
What is the units digit of 182877?
7
What is the ten thousands digit of 467785?
6
What is the units digit of 2303541?
1
What is the hundreds digit of 841957?
9
What is the hundred thousands digit of 2236832?
2
What is the ten thousands digit of 437507?
3
What is the hundreds digit of 178499?
4
What is the ten thousands digit of 3380210?
8
What is the units digit of 417135?
5
What is the hundreds digit of 4167351?
3
What is the hundreds digit of 2679304?
3
What is the thousands digit of 13461992?
1
What is the hundreds digit of 1745493?
4
What is the millions digit of 3853916?
3
What is the tens digit of 361667?
6
What is the thousands digit of 21726197?
6
What is the tens digit of 10182511?
1
What is the hundred thousands digit of 4104308?
1
What is the units digit of 317405?
5
What is the thousands digit of 7130656?
0
What is the hundred thousands digit of 2188961?
1
What is the ten thousands digit of 6943643?
4
What is the units digit of 2482544?
4
What is the millions digit of 1881244?
1
What is the units digit of 4647746?
6
What is the thousands digit of 119724?
9
What is the ten millions digit of 11967069?
1
What is the thousands digit of 626835?
6
What is the units digit of 576810?
0
What is the thousands digit of 493854?
3
What is the hundreds digit of 1693144?
1
What is the hundred thousands digit of 184772?
1
What is the thousands digit of 313841?
3
What is the units digit of 3140670?
0
What is the hundred thousands digit of 12762706?
7
What is the hundreds digit of 2090747?
7
What is the thousands digit of 567858?
7
What is the units digit of 117886?
6
What is the hundreds digit of 393550?
5
What is the thousands digit of 4745863?
5
What is the tens digit of 1366022?
2
What is the ten thousands digit of 121340?
2
What is the tens digit of 89488?
8
What is the units digit of 977231?
1
What is the ten thousands digit of 3029155?
2
What is the ten thousands digit of 132503?
3
What is the millions digit of 6493794?
6
What is the units digit of 10031741?
1
What is the hundreds digit of 3484915?
9
What is the hundred thousands digit of 1754707?
7
What is the hundred thousands digit of 13163684?
1
What i